4). Calculate n(j).
-7
Let p(v) = -115 + 8*v**2 - 14*v - 11*v**2 + 2*v**2 + 44. Calculate p(-8).
-23
Let w(z) = -z**3 - 8*z**2 - 6*z + 4. Let x = 182 - 143. Let g = 32 - x. Give w(g).
-3
Let o(m) = 6*m - 9. Let u be ((585/5)/13)/(-1). Calculate o(u).
-63
Let j(d) = -2*d - 27. Let f be j(-14). Suppose 8*o + 326 = 1214. Let i(p) = 0 + 101*p + 0 + 1 - o*p. Give i(f).
-9
Let q(m) = m**3 + 9*m**2 + 9*m + 9. Suppose 8 = -i + 3*c, -5*i - 4*c + 18 = -18. Suppose -5*j = 3*t + 9, -i*t + j - 7 = 28. Determine q(t).
1
Let x(f) = 12*f + 1. Suppose 269*t + 72 = 257*t - 0. Give x(t).
-71
Let g(b) = 2*b**2 + b - 2. Let x(a) = -11*a**2 - 7*a + 17. Let f(i) = 5*g(i) + x(i). Calculate f(-4).
-1
Let r(p) = -5*p - 1. Let y(a) = 6*a + 1. Let k(o) = -5*r(o) - 4*y(o). Suppose 215*x + 77 = -998. Determine k(x).
-4
Let j(o) = o**3 + 9*o**2 - 10*o - 4. Let i(p) be the first derivative of p**4/2 - 11*p**3/3 + 4*p**2 + 6*p + 113. Let k be i(4). Determine j(k).
-4
Let m(k) = k**3 + 7*k**2 + 7*k - 3. Let w = 777 + -773. Let x be (84/35)/(1/((-10)/w)). Determine m(x).
-9
Let u(b) be the third derivative of -b**6/720 + b**5/15 + b**4/24 - 27*b**3/2 - 8*b**2 + 10*b. Let l(v) be the second derivative of u(v). Determine l(9).
-1
Let u(s) = -18*s + 41 - 12 - 13 - 8 - 6. What is u(-1)?
20
Let s(z) be the second derivative of -z**4/6 + 29*z**3/3 - 98*z**2 + 5963*z. Calculate s(4).
4
Let p be (1 + 2/(-8))*-12. Let v(r) = -12*r**2 - 238 + 2*r**2 + 8*r**3 - 7*r + 6*r**3 + 257 - 15*r**3. Determine v(p).
1
Let i(t) = -3*t**2 + 3*t + 20. Let q = -257 + 253. Let j(d) = 4*d**2 - 4*d - 22. Let o(l) = q*j(l) - 5*i(l). What is o(0)?
-12
Let z(u) = -u**2 + 52*u + 6. Suppose -320*s = -34*s + 18*s. Give z(s).
6
Let c(h) = h**3 - h**2 + h - 15. Let m(x) be the third derivative of x**6/120 - x**5/20 - x**4/4 + 4*x**3/3 + 19*x**2. Let z be m(4). Give c(z).
-15
Let u = -6452 - -6455. Let n(f) be the third derivative of 1/2*f**u - 1/6*f**4 + 0 + 3*f**2 + 0*f. What is n(2)?
-5
Let y(a) = -a**2 - 7*a - 8. Let c be y(-4). Suppose -2 = 5*h + k, -h - 3*h - c*k + 8 = 0. Let l(p) = 6*p - 3*p + 2*p - 6*p - 3*p. Determine l(h).
4
Let c(j) = j**3 + 10*j**2 - 4*j - 34. Let p = -3440 + 3430. What is c(p)?
6
Let h be -3 - 10/(-2) - 4. Let m be (6/8)/((-39)/(-104)). Let j(i) = -i**2 - i**3 - 2*i - 3*i**2 + i**m + 1. Give j(h).
1
Suppose -4*v + 17 = -23. Let u = 10 - v. Let b(s) = s - 10*s**2 - 8*s**2 + 17*s**2 + 1 + 5. Determine b(u).
6
Let g(a) = 17*a**2 - 21*a**2 + 17*a**2 + 13 - 5*a - 14*a**2. Let d(v) = 3*v - 1. Let r be d(-2). What is g(r)?
-1
Let g(y) = -4*y**2 - 20*y - 31. Let q(r) = -r**2 - 4*r - 6. Let a(v) = 2*g(v) - 11*q(v). Let s be 92 - 114 - 11*-1 - (-36)/4. What is a(s)?
8
Suppose -53*z - 2*s + 44 = -56*z, -8*z - 117 = -5*s. Let b(k) = 3*k**2 + 43*k. Calculate b(z).
-14
Let y = 1 - 5. Let z(k) = -k**2 + 3*k + 3. Let v be z(3). Let d(h) = 0*h**2 - h**3 + 10*h + 4*h**2 - 8*h + 2*h**v. Determine d(y).
-8
Let p be -6*(5 + 112/12 + -5). Let u be (40/p - 1) + (-4)/14. Let r(n) = n**3 + n**2 - n - 2. Determine r(u).
-4
Let h(l) = -5*l**3 + 21. Let q(k) = 55 - 10*k**3 + 7*k**3 - 45. Let y(j) = 4*h(j) - 7*q(j). What is y(0)?
14
Let h = 2 - -10. Let k = 558 - 553. Suppose -i = 5*p - 2*i - 20, 0 = 3*p - k*i - h. Let g(c) = -c**2 + 3*c - 4. Determine g(p).
-8
Let j(w) = w**3 - 7*w**2 + 5*w - 4. Let i(a) be the second derivative of -a**5/10 - 7*a**4/2 + 22*a**3/3 + 3*a**2 + 8*a + 1. Let p be i(-22). What is j(p)?
-10
Suppose -25*a + 7*a + 2*a + 9*a = 0. Let y(c) = -4*c**2 - 3*c - 10. What is y(a)?
-10
Let v(w) be the second derivative of w**4/6 + 37*w**3/6 - 12*w**2 + 1745*w. Determine v(-20).
36
Let p(r) = r**2 + 7*r - 2. Let j be 0*((-3 - 0) + 2). Suppose 14 = 2*c - j. Suppose 0 = 4*i - 8*o + c*o + 27, -2*o = -6. What is p(i)?
-8
Let i(m) = m**3 - 42*m**2 + 39*m + 96. Let b be 10/(-21) + 39/273 - (-248)/6. What is i(b)?
14
Let z(b) = -15*b + 26*b + 11 - 387*b**2 - 16*b + 386*b**2. What is z(8)?
-93
Let m be (-1)/(7/2) - (-3696)/588. Let p(h) be the first derivative of h**2 + 2*h + 2. Give p(m).
14
Let d(v) = 9 - 2 + 8*v + 2*v**2 - v**2. Suppose -415*c - 2992 + 502 = 0. Give d(c).
-5
Let m(z) = -8*z**2 - 3*z + 1. Let j(a) = 27*a - 1834. Let l be j(68). What is m(l)?
-37
Let j(o) = -2*o + 36. Suppose 7*k = -6*k - 156. Let p = 4 - k. Calculate j(p).
4
Let k(s) = 6*s**2 + 15*s - 7. Let p(q) = -17*q + 11*q**2 + 8 - 28*q**2 + 10*q**2. Let n(h) = 6*k(h) + 5*p(h). Calculate n(-4).
-6
Suppose 2*c - 1 = -23. Let w(j) be the first derivative of j**4/4 + 11*j**3/3 - 3*j - 41716. Calculate w(c).
-3
Let d(c) = -9*c + 122. Let i = -1243 + 1256. Determine d(i).
5
Let z(f) be the first derivative of -7*f**3/3 + f**2 + f + 139. Let v(h) = -16*h**2 + 4*h + 2. Let t(n) = 2*v(n) - 5*z(n). Give t(-1).
4
Suppose 4*f + 136 = -88. Let h = f - -64. Let m(k) = h*k - 2 - 6*k + 6. What is m(-3)?
-2
Let i(t) = t**2 - 19*t + 19. Let z = -577 + 573. Let v(j) = 2*j - 3. Let k(f) = z*v(f) - i(f). Calculate k(9).
11
Suppose 14*w + 84 = 16*w. Let o = -37 + w. Let g(n) = -3 - o + 0*n - n + 3*n. Give g(6).
4
Let m(a) be the first derivative of -a**4 + a**3/3 + 3*a**2/2 + 2*a - 829. Determine m(-2).
32
Let c(v) = v**2 - 23*v - 18. Let k be c(24). Let j(m) = 2*m**2 - 11*m + 49. Let l(z) = z**2 - 5*z + 24. Let h(y) = k*j(y) - 13*l(y). Determine h(0).
-18
Suppose -215*c = -3177 - 2099 + 1406. Let d(z) be the second derivative of -c*z + 1/6*z**3 + 1/2*z**2 + 0. Determine d(-4).
-3
Let q(d) = d**3 + 12*d**2 + 17*d + 62. Suppose -3445*x = -3446*x - 11. Calculate q(x).
-4
Let g = -3 + 1. Let o(f) = -10*f**3 + 2*f - 4. Let u(h) = -7*h**3 + h - 3. Suppose -8*p = -6*p + 10. Let a(j) = p*o(j) + 7*u(j). Calculate a(g).
-3
Let l(y) = y**3 + 5*y**2 - y - 2. Let a(n) = 4*n - 10. Let p be a(6). Let o be (-12)/p*(-14)/1. Suppose -4*m = 5*z + 25, -3*m + 3*z - o = -0*m. Give l(m).
3
Let c(d) = 7*d - 165. Let b be c(24). Let h(i) = 7*i**3 + 121*i**2 - 56*i**2 - 6*i**b - 61*i**2 + 3*i - 4. What is h(-3)?
-4
Let o be (24 - (-24)/2)*(-1)/(-4). Let n(t) = 7*t**2 + 15*t**3 + t**2 - 52*t**3 + 19*t**3 - o*t + 3 + 19*t**3. Give n(-9).
3
Let f(c) be the first derivative of -c**2 - c + 59. Suppose 39 - 12 = 9*r. Give f(r).
-7
Let r(j) = 5*j + 36. Let q be r(-5). Let a be (1/(-3))/(-2 + (-210)/(-108)). Let f(b) = -6 + a*b - 3*b - 2*b. Calculate f(q).
5
Suppose -2*c = 5*q - 20, -c + 5*q - 2*q = 1. Let h(k) = -2152*k + 1074*k + 4*k**3 + 1085*k - c*k**3 - 5*k**2 + 1. Give h(-6).
-5
Let z(v) = -2*v + 7. Let u be z(5). Suppose 2*l - 16 = -3*h + 52, -100 = -2*l + 5*h. Let c(t) = 8*t**2 + 3*t + 17*t**2 + 17*t**2 - 3 - l*t**2. Determine c(u).
6
Let z(o) = -111*o + 113. Suppose -12 = -3*u + 49*c - 46*c, 18 = -6*c. What is z(u)?
2
Let t(x) be the second derivative of -5/6*x**3 + 0*x**2 - 4 - 14*x. Let u = -7 - -6. What is t(u)?
5
Let l(o) = o**3 + 3*o**2 - 5*o - 2. Suppose -1098 = -33*u + 27*u. Let w = 180 - u. What is l(w)?
13
Suppose 2*r - m = -3*r + 81, 97 = 5*r + 3*m. Suppose 14*g - 3 + r = 0. Let a(q) = 13*q**3 + q**2 - q - 1. What is a(g)?
-12
Let g(h) = h**2 - 20*h + 36 - 38 - 14. Give g(20).
-16
Let n(v) = v**3 - 29*v**2 - 27*v - 94. Let d be (-50)/8*(-15 + 2652/260). Determine n(d).
-4
Let k(q) = -5*q + 1. Suppose -z - 4*v + 23 + 285 = 0, -1561 = -5*z + v. Let o = z - 314. Calculate k(o).
11
Let r be 19*(-4)/(-12) + (-8)/(-12). Let b(p) = -r + 130*p**2 + 4 - 131*p**2 + p. Give b(-4).
-23
Suppose -4*k - 2*h + 4 = -10, 2*k + 13 = -5*h. Let i(b) be the third derivative of -b**4/8 + 3*b**3/2 + 20*b**2 - 4. What is i(k)?
-9
Suppose -9*d + 4 = -5*d + 4*j, -4*d + 2 = 5*j. Let g(k) = -7*k + 7*k - 2*k - d*k. Give g(-3).
15
Let u(m) be the third derivative of -m**5/60 - 11*m**4/12 - 35*m**3/6 + 521*m**2 + m. Calculate u(-20).
5
Let k(y) = -172 + 15*y + 61 + 83 - y**2. Give k(10).
22
Let x(h) = h**3 - 6*h**2 - h - 6. Let f(y) = 2*y - 7*y - 16*y - 3*y + 37 + 17. Let l be f(2). Calculate x(l).
-12
Let b(r) = r**2 - r - 74. Let p be b(-8). Let g(z) = -z**2 - 1. Let t(o) = -6*o**2 + 5. Let a(q) = -5*g(q) - t(q). Give a(p).
44
Let i(d) = -d**2 + 4*d - 1. Let y(z) = z**2 + z - 1. Let h(u) = -7*u**2 + 3*u + 21. Let m(q) = h(q) + 6*y(q). Let r be m(10). Calculate i(r).
-6
Suppose 3*q + 5 + 7 = 0. Let h be 3/(-2)*q/(-1). Let b(t) be the first derivative of -t**4/4 - 2*t**3 - 2*t**2 - 7*t - 3159